t -8 (base 11) to base 4.
-20
8 (base 12) to base 11
8
-10 (base 6) to base 3
-20
What is 1 (base 7) in base 6?
1
What is -16 (base 10) in base 15?
-11
Convert 3 (base 11) to base 12.
3
What is 0 (base 9) in base 12?
0
What is -5 (base 7) in base 16?
-5
Convert 66 (base 10) to base 13.
51
Convert -1211 (base 3) to base 8.
-61
What is 10013 (base 4) in base 10?
263
10 (base 10) to base 2
1010
What is -7 (base 12) in base 15?
-7
-21 (base 3) to base 13
-7
What is -1 (base 3) in base 4?
-1
What is 6 (base 16) in base 2?
110
123 (base 9) to base 6
250
What is 5 (base 9) in base 11?
5
Convert 29 (base 15) to base 3.
1110
-2 (base 9) to base 7
-2
What is -101 (base 3) in base 14?
-a
-b5 (base 13) to base 15
-9d
-1a (base 12) to base 7
-31
What is 1 (base 14) in base 6?
1
Convert 2 (base 14) to base 15.
2
What is 1033 (base 6) in base 10?
237
22 (base 9) to base 16
14
Convert 183 (base 10) to base 14.
d1
What is 4 (base 5) in base 15?
4
What is 0 (base 16) in base 7?
0
Convert -1100010 (base 2) to base 16.
-62
13 (base 11) to base 8
16
-1 (base 16) to base 2
-1
-22 (base 13) to base 11
-26
Convert 11010 (base 2) to base 9.
28
What is 202 (base 5) in base 7?
103
-10101 (base 3) to base 13
-70
-2 (base 11) to base 6
-2
-5e (base 15) to base 13
-6b
What is -31 (base 6) in base 4?
-103
57 (base 9) to base 3
1221
2 (base 15) to base 14
2
Convert -208 (base 9) to base 2.
-10101010
What is 2 (base 11) in base 15?
2
-150 (base 10) to base 16
-96
What is -15c (base 15) in base 8?
-470
Convert 16 (base 14) to base 13.
17
Convert -21 (base 4) to base 6.
-13
What is -21 (base 6) in base 4?
-31
Convert 2 (base 16) to base 5.
2
3 (base 15) to base 14
3
-442 (base 5) to base 10
-122
What is -53 (base 14) in base 2?
-1001001
-b (base 13) to base 11
-10
-37 (base 10) to base 16
-25
3 (base 9) to base 10
3
63 (base 15) to base 2
1011101
Convert 31 (base 9) to base 4.
130
What is 2 (base 8) in base 2?
10
110 (base 3) to base 7
15
Convert -18 (base 15) to base 7.
-32
Convert -1c (base 13) to base 11.
-23
What is -1001000 (base 2) in base 9?
-80
Convert -21 (base 13) to base 10.
-27
-15 (base 16) to base 15
-16
-1 (base 16) to base 5
-1
Convert 9 (base 12) to base 15.
9
What is -1 (base 9) in base 5?
-1
Convert 25 (base 16) to base 10.
37
1 (base 9) to base 6
1
What is 11001100 (base 2) in base 13?
129
Convert 234 (base 9) to base 6.
521
What is -23 (base 11) in base 9?
-27
Convert -3 (base 16) to base 11.
-3
Convert 5 (base 15) to base 10.
5
-103 (base 4) to base 9
-21
Convert 2 (base 7) to base 10.
2
Convert -3 (base 14) to base 13.
-3
What is 19 (base 10) in base 8?
23
Convert 3 (base 12) to base 10.
3
-45 (base 9) to base 6
-105
-1a (base 14) to base 5
-44
Convert 1 (base 13) to base 4.
1
Convert 10 (base 6) to base 3.
20
Convert 17 (base 9) to base 10.
16
Convert 2 (base 6) to base 2.
10
Convert -12 (base 6) to base 4.
-20
10111 (base 2) to base 5
43
-212 (base 4) to base 15
-28
What is 1110 (base 5) in base 2?
10011011
121 (base 3) to base 10
16
What is 0 (base 10) in base 6?
0
-32 (base 16) to base 12
-42
-1e (base 16) to base 2
-11110
What is -15 (base 10) in base 12?
-13
Convert 11 (base 6) to base 14.
7
-9 (base 15) to base 13
-9
Convert 7 (base 14) to base 4.
13
Convert 110001 (base 2) to base 16.
31
Convert -221 (base 3) to base 14.
-1b
Convert -17 (base 8) to base 5.
-30
1000 (base 2) to base 15
8
3 (base 16) to base 7
3
10 (base 13) to base 15
d
-45 (base 6) to base 3
-1002
-110 (base 2) to base 8
-6
18 (base 11) to base 14
15
Convert -1 (base 12) to base 5.
-1
What is 7 (base 8) in base 9?
7
What is 11 (base 2) in base 11?
3
-1 (base 8) to base 9
-1
Convert -100 (base 10) to base 8.
-144
2 (base 14) to base 16
2
-345 (base 7) to base 16
-b4
What is 20 (base 6) in base 7?
15
Convert 1 (base 7) to base 15.
1
112 (base 3) to base 8
16
What is 17 (base 16) in base 14?
19
What is 1 (base 14) in base 12?
1
-110110 (base 2) to base 10
-54
Convert 10011 (base 2) to base 5.
34
Convert 7 (base 13) to base 2.
111
Convert -28 (base 16) to base 14.
-2c
1 (base 12) to base 14
1
-204 (base 6) to base 14
-56
3 (base 14) to base 5
3
1a1 (base 11) to base 15
107
What is 28 (base 12) in base 2?
100000
Convert 134 (base 5) to base 12.
38
0 (base 10) to base 5
0
Convert 3 (base 12) to base 5.
3
5 (base 6) to base 5
10
20 (base 7) to base 6
22
What is ba (base 15) in base 2?
10101111
2 (base 14) to base 13
2
Convert -1 (base 11) to base 14.
-1
12c (base 13) to base 12
153
23 (base 11) to base 10
25
Convert -1443 (base 6) to base 3.
-112100
17 (base 9) to base 8
20
What is -1 (base 7) in base 14?
-1
-11111 (base 2) to base 7
-43
What is -5 (base 16) in base 7?
-5
What is -10 (base 2) in base 8?
-2
25 (base 7) to base 9
21
Convert 3 (base 6) to base 16.
3
What is -17 (base 9) in base 14?
-12
Convert -3 (base 8) to base 13.
-3
Convert -6b (base 14) to base 11.
-87
Convert 121 (base 6) to base 2.
110001
Convert 8 (base 12) to base 3.
22
Convert -21 (base 10) to base 9.
-23
What is -52 (base 16) in base 7?
-145
-20 (base 7) to base 13
-11
Convert 5 (base 14) to base 11.
5
What is -35 (base 7) in base 11?
-24
Convert -11100 (base 2) to base 10.
-28
What is 5 (base 13) in base 16?
5
Convert 79 (base 13) to base 2.
1100100
Convert -1 (base 7) to base 5.
-1
2 (base 14) to base 7
2
Convert 0 (base 4) to base 2.
0
What is 8 (base 12) in base 16?
8
Convert -4 (base 12) to base 5.
-4
3 (base 16) to base 5
3
What is 78 (base 11) in base 8?
125
2a (base 16) to base 2
101010
Convert -19 (base 13) to base 15.
-17
What is -17 (base 16) in base 7?
-32
What is 1101 (base 2) in base 11?
12
Convert -1122 (base 6) to base 10.
-266
Convert 81 (base 10) to base 15.
56
Convert -6 (base 10) to base 15.
-6
-1b (base 13) to base 5
-44
0 (base 11) to base 9
0
Convert -51 (base 11) to base 3.
-2002
Convert 202 (base 4) to base 2.
100010
Convert -48 (base 12) to base 4.
-320
-4 (base 6) to base 5
-4
Convert -1 (base 16) to base 3.
-1
Convert 1 (base 4) to base 3.
1
What is -2 (base 16) in base 13?
-2
Convert -10000100 (base 2) to base 11.
-110
3 (base 7) to base 14
3
10101 (base 2) to base 12
19
2123 (base 4) to base 2
10011011
Convert 5 (base 13) to base 14.
5
0 (base 9) to base 2
0
Convert b (base 16) to base 3.
102
20 (base 4) to base 12
8
-14 (base 15) to base 7
-25
-16 (base 11) to base 10
-17
What is -9 (base 14) in base 15?
-9
Convert -10100100 (base 2) to base 14.
-ba
14 (base 7) to base 14
b
112 (base 3) to base 5
24
Convert -141 (base 11) to base 10.
-166
-23 (base 15) to base 10
-33
Convert 10110001 (base 2) to base 13.
108
What is -1 (base 5) in base 3?
-1
What is 2210 (base 3) in base 8?
113
32 (base 5) to base 6
25
What is 3 (base 15) in base 8?
3
-143 (base 6) to base 7
-120
4 (base 5) to base 12
4
Convert 19 (base 14) to base 4.
113
Convert -14 (base 14) to base 12.
-16
Convert -11100 (base 2) to base 8.
-34
-6 (base 9) to base 4
-12
What is 36 (base 11) in base 13?
30
Convert 22 (base 3) to base 9.
8
Convert 41 (base 10) to base 12.
35
What is -3 (base 14) in base 3?
-10
What is 34 (base 6) in base 7?
31
-110 (base 3) to base 12
-10
Convert 66 (base 10) to base 7.
123
-10000 (base 2) to base 11
-15
-3 (base 11) to base 14
-3
What is -10 (base 3) in base 6?
-3
What is -65 (base 16) in base 11?
-92
-10 (base 4) to base 9
-4
Convert -25 (base 15) to base 16.
-23
What is 23 (base 12) in base 13?
21
117 (base 10) to base 11
a7
Convert -110200 (base 3) to base 4.
-11112
Convert -3 (base 7) to base 6.
-3
What is -14 (base 12) in base 5?
-31
Convert -8 (base 9) to base 12.
-8
3 (base 14) to base 8
3
Convert -142 (base 13) to base 10.
-223
What is 31 (base 5) in base 2?
10000
Convert -21 (base 3) to base 13.
-7
501 (base 6) to base 16
b5
What is -100 (base 2) in base 5?
-4
What is -10 (base 2) in base 13?
-2
Convert 101 (base 2) to base 6.
5
Convert 13 (base 7) to base 5.
20
What is -104 (base 10) in base 8?
-150
Convert 11 (base 11) to base 12.
10
What is bd (base 14) in base 15?
b2
What is -1001 (base 3) in base 16?
-1c
-32 (base 10) to base 3
-1012
What is -11 (base 6) in base 15?
-7
What is 552 (base 8) in base 11?
2aa
What is -145 (base 6) in base 7?
-122
28 (base 11) to base 7
42
Convert -66 (base 8) to base 6.
-130
Convert 2 (base 8) to base 6.
2
What is -15 (base 6) in base 14?
-b
Convert